{"id":66,"date":"2024-06-12T19:55:57","date_gmt":"2024-06-12T19:55:57","guid":{"rendered":"https:\/\/www.veganogostoso.com\/receitas\/?page_id=66"},"modified":"2024-06-14T23:04:25","modified_gmt":"2024-06-14T23:04:25","slug":"politica-de-privacidade","status":"publish","type":"page","link":"https:\/\/www.veganogostoso.com\/receitas\/politica-de-privacidade\/","title":{"rendered":"Politica de Privacidade"},"content":{"rendered":"<p>&nbsp;<\/p>\n<p><strong>Privacidade Blog Vegano Gostoso:<\/strong><br \/>\nA privacidade dos visitantes do Blog Vegano Gostoso \u00e9 de extrema import\u00e2ncia para n\u00f3s. Esta pol\u00edtica de privacidade documenta os tipos de informa\u00e7\u00f5es pessoais que s\u00e3o recebidas e coletadas por nosso site e como as utilizamos.<\/p>\n<p><strong>Informa\u00e7\u00f5es Pessoais Coletadas:<\/strong><br \/>\nAo visitar o Blog Vegano Gostoso, podemos coletar e armazenar determinadas informa\u00e7\u00f5es pessoais que voc\u00ea voluntariamente nos fornece. Caso voc\u00ea se inscreva em nossa lista de e-mails, comente em nossos artigos ou preencha formul\u00e1rios de contato.<\/p>\n<p><strong>Uso das Informa\u00e7\u00f5es Pessoais:<\/strong><br \/>\nAs informa\u00e7\u00f5es pessoais que coletamos s\u00e3o usadas apenas para responder a suas solicita\u00e7\u00f5es espec\u00edficas, como o envio de boletins informativos por e-mail ou responder a perguntas que voc\u00ea nos envia por meio de formul\u00e1rios de contato. Nunca compartilharemos, venderemos ou alugaremos suas informa\u00e7\u00f5es pessoais a terceiros, a menos que sejamos legalmente obrigados a faz\u00ea-lo.<\/p>\n<p><strong>Cookies e Tecnologias de Rastreamento:<\/strong><br \/>\nO Blog Vegano Gostoso utiliza cookies e outras tecnologias de rastreamento para aprimorar sua experi\u00eancia de navega\u00e7\u00e3o em nosso site. Os cookies s\u00e3o pequenos arquivos de texto armazenados em seu computador que nos ajudam a analisar padr\u00f5es de tr\u00e1fego, personalizar o conte\u00fado, melhorar a seguran\u00e7a e facilitar o uso do site. Voc\u00ea pode optar por desativar os cookies em seu navegador, mas isso pode afetar a funcionalidade do site.<\/p>\n<p><strong>Links Externos:<\/strong><br \/>\nNosso Blog Vegano Gostoso pode conter links para outros sites. Observe que n\u00e3o somos respons\u00e1veis pelas pr\u00e1ticas de privacidade desses sites. Recomendamos que voc\u00ea leia as pol\u00edticas de privacidade de cada site que visita.<\/p>\n<p><strong>Seguran\u00e7a das Informa\u00e7\u00f5es:<\/strong><br \/>\nAdotamos medidas de seguran\u00e7a adequadas para proteger suas informa\u00e7\u00f5es pessoais em nosso blog, que utiliza o sistema de blog WordPress, contra acesso n\u00e3o autorizado, altera\u00e7\u00e3o, divulga\u00e7\u00e3o ou destrui\u00e7\u00e3o.<\/p>\n<p><strong>Altera\u00e7\u00f5es nesta Pol\u00edtica de Privacidade:<\/strong><br \/>\nPodemos atualizar esta pol\u00edtica de privacidade periodicamente. Recomendamos que voc\u00ea reveja esta p\u00e1gina regularmente para se manter informado sobre quaisquer altera\u00e7\u00f5es. Ao continuar a utilizar nosso site, voc\u00ea concorda com os termos desta pol\u00edtica de privacidade.<\/p>\n<p>Atualizado em 02\/03\/2024<\/p>\n","protected":false},"excerpt":{"rendered":"<p>&nbsp; Privacidade Blog Vegano Gostoso: A privacidade dos visitantes do Blog Vegano Gostoso \u00e9 de extrema import\u00e2ncia para n\u00f3s. Esta pol\u00edtica de privacidade documenta os tipos de informa\u00e7\u00f5es pessoais que s\u00e3o recebidas e coletadas por nosso site e como as utilizamos. Informa\u00e7\u00f5es Pessoais Coletadas: Ao visitar o Blog Vegano Gostoso, podemos coletar e armazenar determinadas [&hellip;]<\/p>\n","protected":false},"author":8,"featured_media":0,"parent":0,"menu_order":0,"comment_status":"closed","ping_status":"closed","template":"","meta":{"footnotes":""},"class_list":["post-66","page","type-page","status-publish","hentry"],"_links":{"self":[{"href":"https:\/\/www.veganogostoso.com\/receitas\/wp-json\/wp\/v2\/pages\/66","targetHints":{"allow":["GET"]}}],"collection":[{"href":"https:\/\/www.veganogostoso.com\/receitas\/wp-json\/wp\/v2\/pages"}],"about":[{"href":"https:\/\/www.veganogostoso.com\/receitas\/wp-json\/wp\/v2\/types\/page"}],"author":[{"embeddable":true,"href":"https:\/\/www.veganogostoso.com\/receitas\/wp-json\/wp\/v2\/users\/8"}],"replies":[{"embeddable":true,"href":"https:\/\/www.veganogostoso.com\/receitas\/wp-json\/wp\/v2\/comments?post=66"}],"version-history":[{"count":4,"href":"https:\/\/www.veganogostoso.com\/receitas\/wp-json\/wp\/v2\/pages\/66\/revisions"}],"predecessor-version":[{"id":213,"href":"https:\/\/www.veganogostoso.com\/receitas\/wp-json\/wp\/v2\/pages\/66\/revisions\/213"}],"wp:attachment":[{"href":"https:\/\/www.veganogostoso.com\/receitas\/wp-json\/wp\/v2\/media?parent=66"}],"curies":[{"name":"wp","href":"https:\/\/api.w.org\/{rel}","templated":true}]}}